he ten millions digit of 35833485?
3
What is the ten millions digit of 3086536584?
8
What is the hundred millions digit of 5180064207?
1
What is the millions digit of 217262881?
7
What is the ten millions digit of 143780942?
4
What is the hundred thousands digit of 37754783?
7
What is the millions digit of 991972739?
1
What is the millions digit of 58585043?
8
What is the ten millions digit of 1863150580?
6
What is the hundreds digit of 3626724044?
0
What is the millions digit of 2800136444?
0
What is the ten thousands digit of 61886047?
8
What is the hundreds digit of 904358?
3
What is the ten thousands digit of 62199895?
9
What is the ten thousands digit of 319350787?
5
What is the units digit of 350040506?
6
What is the hundreds digit of 1327341298?
2
What is the tens digit of 276531608?
0
What is the hundreds digit of 45667347?
3
What is the ten millions digit of 193816043?
9
What is the thousands digit of 1571988900?
8
What is the hundred thousands digit of 881456433?
4
What is the hundred thousands digit of 221311984?
3
What is the tens digit of 23321932?
3
What is the tens digit of 1492135863?
6
What is the hundred thousands digit of 42106348?
1
What is the hundreds digit of 133543526?
5
What is the ten millions digit of 806493198?
0
What is the millions digit of 1401193777?
1
What is the hundred thousands digit of 1573246837?
2
What is the tens digit of 2355369345?
4
What is the hundred millions digit of 1201636915?
2
What is the thousands digit of 112555884?
5
What is the ten thousands digit of 9542760?
4
What is the millions digit of 1422880218?
2
What is the millions digit of 63601145?
3
What is the tens digit of 1460265289?
8
What is the tens digit of 26423089?
8
What is the tens digit of 196374247?
4
What is the ten thousands digit of 88887287?
8
What is the units digit of 4020508039?
9
What is the units digit of 20061363?
3
What is the tens digit of 529771821?
2
What is the thousands digit of 1939864977?
4
What is the millions digit of 23157665?
3
What is the thousands digit of 210892566?
2
What is the units digit of 20883133?
3
What is the hundreds digit of 45275989?
9
What is the hundred millions digit of 640388243?
6
What is the hundred thousands digit of 2461865234?
8
What is the hundreds digit of 8299146184?
1
What is the hundred millions digit of 114718149?
1
What is the ten thousands digit of 224168729?
6
What is the units digit of 168350273?
3
What is the tens digit of 719439254?
5
What is the thousands digit of 1641447605?
7
What is the hundreds digit of 134462445?
4
What is the tens digit of 256115916?
1
What is the thousands digit of 13489086?
9
What is the ten millions digit of 174211327?
7
What is the tens digit of 2640586733?
3
What is the units digit of 792258027?
7
What is the tens digit of 137338415?
1
What is the thousands digit of 176520040?
0
What is the hundred millions digit of 941371415?
9
What is the hundred millions digit of 2654728867?
6
What is the units digit of 9767404?
4
What is the hundreds digit of 672052181?
1
What is the units digit of 170812624?
4
What is the units digit of 45530859?
9
What is the ten millions digit of 820664051?
2
What is the millions digit of 115909366?
5
What is the ten millions digit of 1547027039?
4
What is the hundreds digit of 1405687540?
5
What is the tens digit of 3343473728?
2
What is the units digit of 894200732?
2
What is the hundred thousands digit of 3153243923?
2
What is the ten thousands digit of 370708484?
0
What is the millions digit of 33194410?
3
What is the hundred thousands digit of 110106553?
1
What is the units digit of 240953789?
9
What is the millions digit of 59598691?
9
What is the ten millions digit of 89889230?
8
What is the units digit of 414250053?
3
What is the hundred millions digit of 116795195?
1
What is the ten thousands digit of 5422419347?
1
What is the units digit of 38176976?
6
What is the ten millions digit of 48364780?
4
What is the tens digit of 267533856?
5
What is the ten thousands digit of 201818863?
1
What is the ten thousands digit of 302898272?
9
What is the ten thousands digit of 10297207?
9
What is the hundred millions digit of 1524483208?
5
What is the units digit of 40233560?
0
What is the tens digit of 24911207?
0
What is the millions digit of 125854189?
5
What is the hundreds digit of 46094508?
5
What is the ten thousands digit of 853333966?
3
What is the units digit of 354695158?
8
What is the tens digit of 590386262?
6
What is the hundreds digit of 1817762991?
9
What is the tens digit of 344551290?
9
What is the hundreds digit of 188469220?
2
What is the hundreds digit of 987401580?
5
What is the hundred millions digit of 2868576162?
8
What is the ten thousands digit of 16319077?
1
What is the ten millions digit of 1330671971?
3
What is the thousands digit of 134856662?
6
What is the hundred thousands digit of 43242077?
2
What is the hundreds digit of 21282335?
3
What is the ten millions digit of 5708414978?
0
What is the units digit of 341412882?
2
What is the tens digit of 67742855?
5
What is the hundreds digit of 457202084?
0
What is the billions digit of 2695071138?
2
What is the hundreds digit of 66181200?
2
What is the millions digit of 8779911182?
9
What is the thousands digit of 16622482?
2
What is the billions digit of 4094728106?
4
What is the ten thousands digit of 39392830?
9
What is the hundred thousands digit of 454866901?
8
What is the tens digit of 54154405?
0
What is the tens digit of 63904277?
7
What is the tens digit of 1302469251?
5
What is the units digit of 590437904?
4
What is the tens digit of 874856717?
1
What is the units digit of 2120061736?
6
What is the hundred millions digit of 2075156710?
0
What is the millions digit of 771155504?
1
What is the hundreds digit of 671285489?
4
What is the hundreds digit of 252316357?
3
What is the ten thousands digit of 126712465?
1
What is the units digit of 129475718?
8
What is the tens digit of 502463802?
0
What is the hundred thousands digit of 79551574?
5
What is the tens digit of 2489257003?
0
What is the hundred millions digit of 431313517?
4
What is the tens digit of 41695458?
5
What is the hundred millions digit of 553806383?
5
What is the ten millions digit of 108922576?
0
What is the thousands digit of 109707119?
7
What is the thousands digit of 23695173?
5
What is the ten thousands digit of 18722323?
2
What is the hundred millions digit of 3372082854?
3
What is the tens digit of 104076318?
1
What is the ten millions digit of 1688224012?
8
What is the thousands digit of 939112663?
2
What is the hundred millions digit of 1129979182?
1
What is the hundreds digit of 1554286085?
0
What is the ten thousands digit of 814646243?
4
What is the units digit of 327068670?
0
What is the thousands digit of 1109107703?
7
What is the units digit of 16618549?
9
What is the thousands digit of 123943221?
3
What is the units digit of 311815111?
1
What is the hundred millions digit of 119683916?
1
What is the millions digit of 124640491?
4
What is the hundreds digit of 629980594?
5
What is the millions digit of 35543161?
5
What is the ten millions digit of 75531475?
7
What is the tens digit of 907005344?
4
What is the units digit of 425636613?
3
What is the thousands digit of 7629195?
9
What is the tens digit of 27988032?
3
What is the billions digit of 1689148730?
1
What is the hundred thousands digit of 74088940?
0
What is the tens digit of 784749370?
7
What is the hundreds digit of 283081020?
0
What is the ten thousands digit of 1969685108?
8
What is the thousands digit of 528180047?
0
What is the tens digit of 22869997?
9
What is the thousands digit of 152021228?
1
What is the hundred millions digit of 1969169995?
9
What is the hundreds digit of 336805871?
8
What is the thousands digit of 26171335?
1
What is the ten thousands digit of 490645183?
4
What is the ten thousands digit of 51355219?
5
What is the units digit of 54186785?
5
What is the hundred thousands digit of 89791948?
7
What is the hundreds digit of 25605828?
8
What is the units digit of 509506834?
4
What is the thousands digit of 69172995?
2
What is the tens digit of 1011103903?
0
What is the thousands digit of 47332433?
2
What is the units digit of 1727093354?
4
What is the ten thousands digit of